o base 2.
-110001
23 (base 10) to base 4
113
Convert -440 (base 8) to base 16.
-120
What is -100001 (base 2) in base 4?
-201
Convert 45 (base 11) to base 5.
144
What is -4 (base 15) in base 9?
-4
-3 (base 5) to base 16
-3
110 (base 4) to base 3
202
-28 (base 10) to base 2
-11100
What is 20 (base 4) in base 7?
11
What is -22 (base 15) in base 2?
-100000
102 (base 3) to base 10
11
-3 (base 4) to base 8
-3
-3 (base 4) to base 6
-3
Convert 123 (base 4) to base 5.
102
What is 1c (base 16) in base 8?
34
-3 (base 5) to base 10
-3
-22 (base 3) to base 5
-13
What is -a (base 13) in base 8?
-12
-1 (base 13) to base 14
-1
What is 203 (base 8) in base 12?
ab
What is -41 (base 12) in base 13?
-3a
What is -118 (base 11) in base 9?
-165
-4a (base 16) to base 15
-4e
Convert -152 (base 9) to base 11.
-107
What is 3 (base 15) in base 16?
3
-21 (base 16) to base 12
-29
What is -1001 (base 4) in base 9?
-72
-4 (base 15) to base 3
-11
-3 (base 4) to base 10
-3
What is -18 (base 9) in base 2?
-10001
What is 158 (base 13) in base 9?
288
What is -14 (base 10) in base 9?
-15
Convert 266 (base 8) to base 16.
b6
-103 (base 9) to base 3
-10010
Convert 21 (base 3) to base 6.
11
Convert 24 (base 11) to base 13.
20
58 (base 10) to base 9
64
What is -20 (base 11) in base 4?
-112
Convert -4a (base 12) to base 7.
-112
Convert -101001 (base 2) to base 16.
-29
Convert -b (base 14) to base 8.
-13
-10 (base 10) to base 4
-22
Convert -174 (base 10) to base 2.
-10101110
Convert -2 (base 8) to base 3.
-2
-4 (base 16) to base 3
-11
Convert 1012 (base 4) to base 3.
2121
Convert 43 (base 9) to base 6.
103
Convert 2 (base 16) to base 9.
2
Convert 6 (base 10) to base 2.
110
Convert 3 (base 13) to base 10.
3
What is 12 (base 6) in base 2?
1000
Convert 5 (base 12) to base 14.
5
Convert -11101100 (base 2) to base 8.
-354
Convert 111 (base 2) to base 4.
13
Convert -11 (base 2) to base 7.
-3
What is -122 (base 3) in base 9?
-18
What is -3 (base 11) in base 6?
-3
What is 11 (base 13) in base 10?
14
-100 (base 3) to base 14
-9
Convert c5 (base 14) to base 2.
10101101
What is 2 (base 13) in base 16?
2
What is 104 (base 5) in base 11?
27
-111110 (base 2) to base 3
-2022
18 (base 12) to base 7
26
8e (base 15) to base 5
1014
What is -56 (base 13) in base 15?
-4b
-5 (base 6) to base 10
-5
What is -23 (base 9) in base 5?
-41
What is -2 (base 13) in base 4?
-2
Convert -2333 (base 4) to base 7.
-362
What is 20 (base 11) in base 13?
19
0 (base 10) to base 3
0
Convert -d (base 15) to base 3.
-111
157 (base 8) to base 16
6f
What is 11 (base 2) in base 5?
3
Convert 313 (base 4) to base 15.
3a
Convert 1 (base 2) to base 10.
1
88 (base 13) to base 15
77
Convert -130 (base 16) to base 8.
-460
17 (base 8) to base 9
16
Convert -3 (base 14) to base 9.
-3
What is 23 (base 6) in base 15?
10
What is 18 (base 10) in base 16?
12
What is -30 (base 4) in base 8?
-14
What is -1aa (base 12) in base 7?
-541
What is 1 (base 8) in base 14?
1
What is -24 (base 15) in base 8?
-42
What is -3 (base 13) in base 3?
-10
What is -1 (base 6) in base 16?
-1
Convert 1222 (base 3) to base 2.
110101
Convert 125 (base 12) to base 9.
212
Convert -8 (base 13) to base 16.
-8
1110 (base 2) to base 4
32
Convert 15 (base 9) to base 15.
e
What is 11 (base 2) in base 12?
3
Convert -12 (base 16) to base 2.
-10010
What is -230 (base 5) in base 4?
-1001
What is -1 (base 6) in base 15?
-1
Convert -13 (base 5) to base 16.
-8
What is 0 (base 10) in base 3?
0
What is -345 (base 7) in base 4?
-2310
What is 16a (base 11) in base 3?
21022
Convert -2 (base 8) to base 4.
-2
Convert -3 (base 4) to base 12.
-3
16 (base 10) to base 15
11
Convert 0 (base 13) to base 15.
0
Convert -221 (base 6) to base 4.
-1111
Convert 4 (base 11) to base 14.
4
What is -2 (base 11) in base 10?
-2
-18 (base 9) to base 16
-11
Convert -21 (base 4) to base 8.
-11
-2a (base 16) to base 3
-1120
What is -234 (base 6) in base 16?
-5e
Convert 4b (base 13) to base 15.
43
Convert 10 (base 8) to base 6.
12
Convert 1001011 (base 2) to base 10.
75
What is 0 (base 4) in base 11?
0
Convert -31 (base 11) to base 9.
-37
Convert -14 (base 6) to base 7.
-13
Convert -11010 (base 2) to base 5.
-101
-48 (base 15) to base 13
-53
Convert -1101 (base 3) to base 6.
-101
1010001 (base 2) to base 6
213
-6 (base 8) to base 10
-6
102 (base 3) to base 4
23
Convert 11000001 (base 2) to base 15.
cd
Convert 10 (base 3) to base 12.
3
-50 (base 12) to base 4
-330
-106 (base 8) to base 14
-50
111 (base 2) to base 9
7
-5 (base 7) to base 11
-5
Convert -3 (base 15) to base 10.
-3
Convert 20 (base 6) to base 11.
11
Convert -d3 (base 16) to base 11.
-182
Convert -1220 (base 4) to base 7.
-206
Convert 11 (base 7) to base 15.
8
33 (base 5) to base 7
24
Convert -6 (base 13) to base 9.
-6
What is 1 (base 4) in base 13?
1
What is -4 (base 12) in base 9?
-4
12 (base 9) to base 13
b
-8 (base 11) to base 13
-8
-1111101 (base 2) to base 9
-148
Convert 26 (base 13) to base 10.
32
What is 37 (base 16) in base 15?
3a
-8 (base 16) to base 14
-8
6 (base 12) to base 7
6
What is -3 (base 4) in base 6?
-3
What is -3 (base 12) in base 3?
-10
Convert 3 (base 13) to base 10.
3
1323 (base 5) to base 13
135
What is 22 (base 3) in base 2?
1000
-3023 (base 4) to base 6
-535
0 (base 3) to base 5
0
What is -2 (base 11) in base 6?
-2
39 (base 12) to base 13
36
-17 (base 14) to base 11
-1a
41 (base 10) to base 5
131
Convert 0 (base 4) to base 3.
0
-201 (base 7) to base 2
-1100011
-4 (base 7) to base 2
-100
What is 31 (base 9) in base 12?
24
What is 1 (base 5) in base 7?
1
Convert 32 (base 13) to base 4.
221
Convert 5 (base 7) to base 4.
11
19 (base 15) to base 3
220
What is -1d (base 16) in base 9?
-32
What is 111 (base 5) in base 16?
1f
Convert -100 (base 12) to base 3.
-12100
What is -101 (base 3) in base 7?
-13
What is 222 (base 4) in base 16?
2a
What is 120 (base 4) in base 9?
26
Convert -54 (base 6) to base 13.
-28
What is 22 (base 10) in base 9?
24
174 (base 11) to base 15
d7
Convert 1 (base 8) to base 10.
1
Convert -25 (base 11) to base 6.
-43
What is 2 (base 5) in base 8?
2
Convert -445 (base 6) to base 9.
-212
Convert -1 (base 14) to base 13.
-1
Convert 16 (base 12) to base 13.
15
Convert 3 (base 12) to base 3.
10
201 (base 8) to base 10
129
Convert -1 (base 15) to base 8.
-1
-20 (base 6) to base 2
-1100
-14 (base 13) to base 8
-21
-14 (base 5) to base 7
-12
1001000 (base 2) to base 14
52
What is -200 (base 3) in base 14?
-14
Convert 17 (base 15) to base 3.
211
1 (base 3) to base 15
1
Convert 1102 (base 3) to base 15.
28
What is 1021 (base 3) in base 14?
26
Convert 2 (base 3) to base 16.
2
10111 (base 2) to base 5
43
What is -39 (base 10) in base 15?
-29
What is -6 (base 12) in base 14?
-6
Convert 12 (base 8) to base 5.
20
What is -18 (base 10) in base 15?
-13
Convert -3003 (base 4) to base 15.
-d0
What is -82 (base 12) in base 14?
-70
What is 3 (base 7) in base 11?
3
Convert 1 (base 12) to base 4.
1
-1 (base 10) to base 5
-1
What is 0 (base 9) in base 6?
0
-43 (base 5) to base 2
-10111
Convert e9 (base 15) to base 5.
1334
0 (base 12) to base 10
0
Convert -31 (base 14) to base 12.
-37
What is -2 (base 13) in base 5?
-2
What is -1e (base 16) in base 11?
-28
-1220 (base 3) to base 4
-303
-21 (base 10) to base 11
-1a
What is 0 (base 7) in base 3?
0
What is -82 (base 13) in base 10?
-106
What is 1 (base 2) in base 10?
1
What is 0 (base 5) in base 9?
0
Convert -1 (base 7) to base 12.
-1
What is -1110011 (base 2) in base 8?
-163
What is 1c (base 13) in base 2?
11001
What is -123 (base 4) in base 7?
-36
Convert 1552 (base 6) to base 5.
3203
What is 1 (base 6) in base 4?
1
1 (base 10) to base 13
1
152 (base 7) to base 9
105
Convert 136 (base 9) to base 10.
114
10 (base 5) to base 2
101
Convert 5 (base 11) to base 2.
101
Convert 0 (base 13) to base 6.
0
-11 (base 3) to base 16
-4
What is a (base 15) in base 3?
101
Convert -11 (base 2) to base 6.
-3
Convert b4 (base 12) to base 8.
210
-2 (base 5) to base 3
-2
22 (base 4) to base 13
a
Convert -212 (base 11) to base 2.
-11111111
27a (base 11) to base 4
11021
What is -5 (base 15) in base 12?
-5
Convert -4 (base 9) to base 10.
-4
1 (base 15) to base 16
1
What is 166 (base 9) in base 12?
b9
-14 (base 6) to base 14
-a
Convert -10 (base 11) to base 13.
-b
What is -1 (base 4) in base 6?
-1
Convert -143